{"id":1638,"date":"2022-06-08T18:50:28","date_gmt":"2022-06-08T21:50:28","guid":{"rendered":"https:\/\/murilorubiao.com.br\/?page_id=1638"},"modified":"2022-09-27T00:57:47","modified_gmt":"2022-09-27T03:57:47","slug":"vida-biografia","status":"publish","type":"page","link":"https:\/\/murilorubiao.com.br\/index.php\/vida-biografia","title":{"rendered":"Vida > Perfil biogr\u00e1fico"},"content":{"rendered":"\t\t<div data-elementor-type=\"wp-post\" data-elementor-id=\"1638\" class=\"elementor elementor-1638\">\n\t\t\t\t\t\t<section class=\"elementor-section elementor-top-section elementor-element elementor-element-6878930 elementor-section-full_width elementor-section-height-default elementor-section-height-default\" data-id=\"6878930\" data-element_type=\"section\" data-settings=\"{&quot;background_background&quot;:&quot;classic&quot;,&quot;background_image&quot;:{&quot;url&quot;:&quot;&quot;,&quot;id&quot;:&quot;&quot;,&quot;size&quot;:&quot;&quot;,&quot;alt&quot;:&quot;&quot;,&quot;source&quot;:&quot;library&quot;}}\">\n\t\t\t\t\t\t<div class=\"elementor-container elementor-column-gap-no\">\n\t\t\t\t\t<div class=\"elementor-column elementor-col-100 elementor-top-column elementor-element elementor-element-3df6a31\" data-id=\"3df6a31\" data-element_type=\"column\" data-settings=\"{&quot;background_background&quot;:&quot;classic&quot;}\">\n\t\t\t<div class=\"elementor-widget-wrap elementor-element-populated\">\n\t\t\t\t\t<div class=\"elementor-background-overlay\"><\/div>\n\t\t\t\t\t\t<div class=\"elementor-element elementor-element-9dbd30f elementor-widget elementor-widget-image\" data-id=\"9dbd30f\" data-element_type=\"widget\" data-widget_type=\"image.default\">\n\t\t\t\t<div class=\"elementor-widget-container\">\n\t\t\t\t\t\t\t\t\t\t\t\t\t<img fetchpriority=\"high\" decoding=\"async\" width=\"1024\" height=\"304\" src=\"https:\/\/murilorubiao.com.br\/wp-content\/uploads\/2022\/07\/banner_autoretrato-1024x304.jpg\" class=\"attachment-large size-large wp-image-1981\" alt=\"\" srcset=\"https:\/\/murilorubiao.com.br\/wp-content\/uploads\/2022\/07\/banner_autoretrato-1024x304.jpg 1024w, https:\/\/murilorubiao.com.br\/wp-content\/uploads\/2022\/07\/banner_autoretrato-300x89.jpg 300w, https:\/\/murilorubiao.com.br\/wp-content\/uploads\/2022\/07\/banner_autoretrato-768x228.jpg 768w, https:\/\/murilorubiao.com.br\/wp-content\/uploads\/2022\/07\/banner_autoretrato-800x238.jpg 800w, https:\/\/murilorubiao.com.br\/wp-content\/uploads\/2022\/07\/banner_autoretrato-1300x386.jpg 1300w, https:\/\/murilorubiao.com.br\/wp-content\/uploads\/2022\/07\/banner_autoretrato-600x178.jpg 600w, https:\/\/murilorubiao.com.br\/wp-content\/uploads\/2022\/07\/banner_autoretrato.jpg 1366w\" sizes=\"(max-width: 1024px) 100vw, 1024px\" \/>\t\t\t\t\t\t\t\t\t\t\t\t\t<\/div>\n\t\t\t\t<\/div>\n\t\t\t\t\t<\/div>\n\t\t<\/div>\n\t\t\t\t\t<\/div>\n\t\t<\/section>\n\t\t\t\t<section class=\"elementor-section elementor-top-section elementor-element elementor-element-8230cec elementor-section-full_width elementor-section-height-default elementor-section-height-default\" data-id=\"8230cec\" data-element_type=\"section\">\n\t\t\t\t\t\t<div class=\"elementor-container elementor-column-gap-default\">\n\t\t\t\t\t<div class=\"elementor-column elementor-col-100 elementor-top-column elementor-element elementor-element-48c9fcd\" data-id=\"48c9fcd\" data-element_type=\"column\">\n\t\t\t<div class=\"elementor-widget-wrap elementor-element-populated\">\n\t\t\t\t\t\t<div class=\"elementor-element elementor-element-b5a739b elementor-widget elementor-widget-image\" data-id=\"b5a739b\" data-element_type=\"widget\" data-widget_type=\"image.default\">\n\t\t\t\t<div class=\"elementor-widget-container\">\n\t\t\t\t\t\t\t\t\t\t\t\t\t<img decoding=\"async\" src=\"https:\/\/murilorubiao.com.br\/wp-content\/uploads\/2022\/07\/maqiona.png\" title=\"maqiona\" alt=\"maqiona\" loading=\"lazy\" \/>\t\t\t\t\t\t\t\t\t\t\t\t\t<\/div>\n\t\t\t\t<\/div>\n\t\t\t\t<div class=\"elementor-element elementor-element-9aa29a6 elementor-widget elementor-widget-ssd_blockquote\" data-id=\"9aa29a6\" data-element_type=\"widget\" data-widget_type=\"ssd_blockquote.default\">\n\t\t\t\t<div class=\"elementor-widget-container\">\n\t\t\t\t\r\n\t\t<div class=\"Blockquote\">\r\n\t\t\t<div class=\"blockquote-content-wrapper text-center\">\r\n\t\t\t\t\t\t\t\t<div class=\"blockquote-content\">\r\n\t\t\t\t\t\"O mais importante na minha vida \u00e9 escrever.\"\t\t\t\t<\/div>\r\n\t\t\t\t\t\t\t\t\t\t\t\t\t<div class=\"author-wrapper\">\r\n\t\t\t\t\t\t<span class=\"author font-heading\">Murilo Rubi\u00e3o<\/span>\r\n\t\t\t\t\t\t\t\t\t\t\t<\/div>\r\n\t\t\t\t\t\t\t<\/div>\r\n\t\t<\/div>\r\n\r\n\t\t\t<\/div>\n\t\t\t\t<\/div>\n\t\t\t\t\t<\/div>\n\t\t<\/div>\n\t\t\t\t\t<\/div>\n\t\t<\/section>\n\t\t\t\t<section class=\"elementor-section elementor-top-section elementor-element elementor-element-6a49214 elementor-section-boxed elementor-section-height-default elementor-section-height-default\" data-id=\"6a49214\" data-element_type=\"section\">\n\t\t\t\t\t\t<div class=\"elementor-container elementor-column-gap-default\">\n\t\t\t\t\t<div class=\"elementor-column elementor-col-100 elementor-top-column elementor-element elementor-element-d9c68dd\" data-id=\"d9c68dd\" data-element_type=\"column\">\n\t\t\t<div class=\"elementor-widget-wrap elementor-element-populated\">\n\t\t\t\t\t\t<div class=\"elementor-element elementor-element-c0486ee elementor-widget elementor-widget-heading\" data-id=\"c0486ee\" data-element_type=\"widget\" data-widget_type=\"heading.default\">\n\t\t\t\t<div class=\"elementor-widget-container\">\n\t\t\t<h1 class=\"elementor-heading-title elementor-size-default\">Vida &gt; Perfil Biogr\u00e1fico<\/h1>\t\t<\/div>\n\t\t\t\t<\/div>\n\t\t\t\t\t<\/div>\n\t\t<\/div>\n\t\t\t\t\t<\/div>\n\t\t<\/section>\n\t\t\t\t<section class=\"elementor-section elementor-top-section elementor-element elementor-element-8196fa4 elementor-section-content-middle elementor-section-boxed elementor-section-height-default elementor-section-height-default\" data-id=\"8196fa4\" data-element_type=\"section\">\n\t\t\t\t\t\t<div class=\"elementor-container elementor-column-gap-default\">\n\t\t\t\t\t<div class=\"elementor-column elementor-col-100 elementor-top-column elementor-element elementor-element-4690998\" data-id=\"4690998\" data-element_type=\"column\">\n\t\t\t<div class=\"elementor-widget-wrap elementor-element-populated\">\n\t\t\t\t\t\t<div class=\"elementor-element elementor-element-51d1810 elementor-widget elementor-widget-text-editor\" data-id=\"51d1810\" data-element_type=\"widget\" data-widget_type=\"text-editor.default\">\n\t\t\t\t<div class=\"elementor-widget-container\">\n\t\t\t\t\t\t\t<p style=\"text-align: center;\"><strong>Perfil biogr\u00e1fico<\/strong><\/p><p style=\"text-align: left;\"><b>MURILO RUBI\u00c3O <\/b>(Murilo Eug\u00eanio Rubi\u00e3o), Silvestre Ferraz (atual Carmo de Minas), MG, 01 de junho de 1916 \u2014 Belo Horizonte, 16 de setembro de 1991.<span class=\"Apple-converted-space\">\u00a0<\/span><\/p><p style=\"text-align: left;\">Advogado, funcion\u00e1rio p\u00fablico e jornalista, Murilo Rubi\u00e3o se tornou conhecido como contista, sendo considerado pela cr\u00edtica liter\u00e1ria brasileira e internacional o precursor do realismo fant\u00e1stico (ou m\u00e1gico) latino-americano.<span class=\"Apple-converted-space\">\u00a0<\/span><\/p><p style=\"text-align: left;\">Filho do fil\u00f3logo, jornalista, poeta e professor Eug\u00eanio \u00c1lvares Rubi\u00e3o e de Maria Antonieta Ferreira Rubi\u00e3o, Murilo fez seus primeiros estudos nas cidades de Concei\u00e7\u00e3o do Rio Verde e Passa Quatro, em Minas Gerais. Muda-se para Belo Horizonte, onde conclui o prim\u00e1rio no Grupo Escolar Afonso Pena, o ginasial no Col\u00e9gio Arnaldo e, em 1942, o bacharelado em Direito na Faculdade de Direito.<span class=\"Apple-converted-space\">\u00a0<\/span><\/p><p style=\"text-align: left;\">A atividade na imprensa, como redator da <i>Folha de Minas<\/i>, inicia-se na \u00e9poca da faculdade, quando funda com um grupo de estudantes, em 1939, a revista <i>Tentativa<\/i>. Posteriormente, exerce a fun\u00e7\u00e3o de redator da <i>Folha de Minas <\/i>e das revistas <i>Bello Horizonte <\/i>e <i>Mensagem<\/i>.<span class=\"Apple-converted-space\">\u00a0<\/span><\/p><p style=\"text-align: left;\">Em 1943 assume a dire\u00e7\u00e3o da R\u00e1dio Inconfid\u00eancia de Minas Gerais e, fato pouco conhecido, trabalha como professor nos col\u00e9gios Sagrado Cora\u00e7\u00e3o de Jesus e Arnaldo. Dois anos mais tarde, em 1945, Murilo \u00e9 eleito vice-presidente da Associa\u00e7\u00e3o Brasileira de Escritores (se\u00e7\u00e3o de Minas Gerais) e chefia a delega\u00e7\u00e3o mineira no 1\u00ba Congresso de Escritores, realizado em janeiro de 1945, em S\u00e3o Paulo. Muda-se para o Rio de Janeiro em 1949, a fim de trabalhar como chefe da se\u00e7\u00e3o de documenta\u00e7\u00e3o da comiss\u00e3o do Vale do S\u00e3o Francisco. Retorna a Belo Horizonte em 1950, convidado pelo Governador de Minas Gerais, Juscelino Kubitscheck, para assumir a fun\u00e7\u00e3o de oficial de gabinete, passando logo a chefe de gabinete. No mesmo ano \u00e9 designado Diretor interino da Imprensa Oficial e do jornal <i>Folha de Minas<\/i>.<span class=\"Apple-converted-space\">\u00a0<\/span><\/p><p style=\"text-align: left;\">Entre 1956 e 1960, exerce os cargos de Chefe do Escrit\u00f3rio de Propaganda e Expans\u00e3o Comercial do Brasil em Madri e de Adido Cultural junto \u00e0 Embaixada do Brasil na Espanha. De regresso ao Brasil, reassume suas fun\u00e7\u00f5es de Assessor T\u00e9cnico-Administrativo do Estado de Minas Gerais, sendo designado, em 1961, para a reda\u00e7\u00e3o do jornal oficial do Estado, o <i>Minas Gerais<\/i>. Em 1966, \u00e9 designado pelo governador Israel Pinheiro para organizar o <i>Suplemento Liter\u00e1rio <\/i>do <i>Minas Gerais, <\/i>publica\u00e7\u00e3o que dirige at\u00e9 1969 \u2013 quando assume a chefia do Departamento de Publica\u00e7\u00f5es da Imprensa Oficial. At\u00e9 os dias de hoje o <i>Suplemento <\/i>\u00e9 tido como um dos melhores \u00f3rg\u00e3os de imprensa cultural do pa\u00eds, sendo reconhecido internacionalmente por seu trabalho de difus\u00e3o e media\u00e7\u00e3o cultural. Em suas p\u00e1ginas foram editados trabalhos de Carlos Drummond de Andrade, Pedro Nava, Em\u00edlio Moura, Abgar Renault, Roberto Drummond, Ad\u00e3o Ventura, La\u00eds Corr\u00eaa de Ara\u00fajo, Affonso \u00c1vila, Julio Cort\u00e1zar e Ana Hatherly, entre outros grandes nomes da literatura brasileira e estrangeira.<span class=\"Apple-converted-space\">\u00a0<\/span><\/p><p style=\"text-align: left;\">Entre os v\u00e1rios cargos p\u00fablicos que Murilo Rubi\u00e3o ocupou, cabe, ainda, destacar os seguintes: Diretor do Servi\u00e7o de Radiodifus\u00e3o do Estado de Minas Gerais, Superintendente da Secretaria de Sa\u00fade de Minas Gerais, Diretor da Imprensa Oficial de Minas Gerais, Diretor da Escola de Belas Artes de Belo Horizonte (Escola Guignard), Diretor da Funda\u00e7\u00e3o de Arte de Ouro Preto (FAOP), Presidente da Funda\u00e7\u00e3o Madrigal Renascentista e Presidente do Conselho Estadual de Cultura de Minas Gerais.<span class=\"Apple-converted-space\">\u00a0<\/span><\/p><p style=\"text-align: left;\">Por sua obra liter\u00e1ria, Murilo Rubi\u00e3o recebeu o Pr\u00eamio Othon Lynch Bezerra de Mello (1948), conferido pela Academia Mineira de Letras, e o Pr\u00eamio Lu\u00edsa Cl\u00e1udio de Sousa (1975), do PEN Club do Brasil. Al\u00e9m disso, seus contos foram traduzidos e publicados em diversos pa\u00edses, como Alemanha, Argentina, Bulg\u00e1ria, Canad\u00e1, Col\u00f4mbia, Espanha, Estados Unidos, Fran\u00e7a, It\u00e1lia, M\u00e9xico, Noruega, Pol\u00f4nia, Portugal, Rep\u00fablica Tcheca e Venezuela. Desde a d\u00e9cada de 1970 at\u00e9 o presente, suas narrativas v\u00eam sendo<span class=\"Apple-converted-space\">\u00a0<\/span>adaptadas para o cinema (\u201cA armadilha\u201d, \u201cO pirot\u00e9cnico Zacarias\u201d, \u201cO ex-m\u00e1gico da Taberna Minhota\u201d e \u201cO bloqueio\u201d) e para o teatro (\u201cA lua\u201d, \u201cB\u00e1rbara\u201d, \u201cOs tr\u00eas nomes de Godofredo\u201d, \u201cMem\u00f3rias do contabilista Pedro In\u00e1cio\u201d e \u201cO ex-m\u00e1gico da Taberna Minhota\u201d).<span class=\"Apple-converted-space\">\u00a0<\/span><\/p><p style=\"text-align: left;\">Seus documentos pessoais (correspond\u00eancia, fotografias, manuscritos e objetos pessoais) e sua biblioteca pessoal foram doados por sua fam\u00edlia para o Acervo de Escritores Mineiros, sediado na Universidade Federal de Minas Gerais, em Belo Horizonte, onde se encontram dispon\u00edveis para consulta.<span class=\"Apple-converted-space\">\u00a0<\/span><\/p><p style=\"text-align: left;\">Sua obra \u00e9 constitu\u00edda pelos livros: <i>O ex-m\u00e1gico <\/i>(1947); <i>A estrela vermelha <\/i>(1953); <i>Os drag\u00f5es e outros contos <\/i>(1965); <i>O pirot\u00e9cnico Zacarias <\/i>(1974); <i>O convidado <\/i>(1974); <i>A casa do girassol vermelho <\/i>(1978); <i>O homem do bon\u00e9 cinzento e outras hist\u00f3rias <\/i>(1990). Postumamente, foram publicados os volumes <i>M\u00e1rio e o pirot\u00e9cnico aprendiz<\/i>: <i>cartas de M\u00e1rio de Andrade e Murilo Rubi\u00e3o <\/i>(organizado por Marcos Ant\u00f4nio de Moraes, 1995), <i>Contos reunidos <\/i>(1998) e <i>Mares interiores: correspond\u00eancias de Murilo Rubi\u00e3o &amp; Otto Lara Resende <\/i>(organizado por Cleber Ara\u00fajo Cabral, 2016).<\/p>\t\t\t\t\t\t<\/div>\n\t\t\t\t<\/div>\n\t\t\t\t<div class=\"elementor-element elementor-element-83b1b4b elementor-widget-divider--view-line elementor-widget elementor-widget-divider\" data-id=\"83b1b4b\" data-element_type=\"widget\" data-widget_type=\"divider.default\">\n\t\t\t\t<div class=\"elementor-widget-container\">\n\t\t\t\t\t<div class=\"elementor-divider\">\n\t\t\t<span class=\"elementor-divider-separator\">\n\t\t\t\t\t\t<\/span>\n\t\t<\/div>\n\t\t\t\t<\/div>\n\t\t\t\t<\/div>\n\t\t\t\t\t<\/div>\n\t\t<\/div>\n\t\t\t\t\t<\/div>\n\t\t<\/section>\n\t\t\t\t<\/div>\n\t\t","protected":false},"excerpt":{"rendered":"<p>&#8220;O mais importante na minha vida \u00e9 escrever.&#8221; Murilo Rubi\u00e3o Vida &gt; Perfil Biogr\u00e1fico Perfil biogr\u00e1fico MURILO RUBI\u00c3O (Murilo Eug\u00eanio Rubi\u00e3o), Silvestre Ferraz (atual Carmo&#8230;<\/p>\n","protected":false},"author":1,"featured_media":0,"parent":0,"menu_order":33,"comment_status":"closed","ping_status":"closed","template":"","meta":{"footnotes":""},"class_list":["post-1638","page","type-page","status-publish","hentry"],"_links":{"self":[{"href":"https:\/\/murilorubiao.com.br\/index.php\/wp-json\/wp\/v2\/pages\/1638","targetHints":{"allow":["GET"]}}],"collection":[{"href":"https:\/\/murilorubiao.com.br\/index.php\/wp-json\/wp\/v2\/pages"}],"about":[{"href":"https:\/\/murilorubiao.com.br\/index.php\/wp-json\/wp\/v2\/types\/page"}],"author":[{"embeddable":true,"href":"https:\/\/murilorubiao.com.br\/index.php\/wp-json\/wp\/v2\/users\/1"}],"replies":[{"embeddable":true,"href":"https:\/\/murilorubiao.com.br\/index.php\/wp-json\/wp\/v2\/comments?post=1638"}],"version-history":[{"count":96,"href":"https:\/\/murilorubiao.com.br\/index.php\/wp-json\/wp\/v2\/pages\/1638\/revisions"}],"predecessor-version":[{"id":4625,"href":"https:\/\/murilorubiao.com.br\/index.php\/wp-json\/wp\/v2\/pages\/1638\/revisions\/4625"}],"wp:attachment":[{"href":"https:\/\/murilorubiao.com.br\/index.php\/wp-json\/wp\/v2\/media?parent=1638"}],"curies":[{"name":"wp","href":"https:\/\/api.w.org\/{rel}","templated":true}]}}