{"id":1824,"date":"2022-07-01T08:27:56","date_gmt":"2022-07-01T11:27:56","guid":{"rendered":"https:\/\/murilorubiao.com.br\/eng\/?page_id=1824"},"modified":"2022-11-16T15:52:39","modified_gmt":"2022-11-16T18:52:39","slug":"vida-eugenio-rubiao","status":"publish","type":"page","link":"https:\/\/murilorubiao.com.br\/eng\/index.php\/vida-eugenio-rubiao","title":{"rendered":"Vida > Eug\u00eanio Rubi\u00e3o"},"content":{"rendered":"\t\t<div data-elementor-type=\"wp-post\" data-elementor-id=\"1824\" class=\"elementor elementor-1824\">\n\t\t\t\t\t\t<section class=\"elementor-section elementor-top-section elementor-element elementor-element-0a7953a elementor-section-full_width elementor-section-height-default elementor-section-height-default\" data-id=\"0a7953a\" data-element_type=\"section\" data-settings=\"{&quot;background_background&quot;:&quot;classic&quot;,&quot;background_image&quot;:{&quot;url&quot;:&quot;&quot;,&quot;id&quot;:&quot;&quot;,&quot;size&quot;:&quot;&quot;,&quot;alt&quot;:&quot;&quot;,&quot;source&quot;:&quot;library&quot;}}\">\n\t\t\t\t\t\t<div class=\"elementor-container elementor-column-gap-no\">\n\t\t\t\t\t<div class=\"elementor-column elementor-col-100 elementor-top-column elementor-element elementor-element-e70a5f6\" data-id=\"e70a5f6\" data-element_type=\"column\" data-settings=\"{&quot;background_background&quot;:&quot;classic&quot;}\">\n\t\t\t<div class=\"elementor-widget-wrap elementor-element-populated\">\n\t\t\t\t\t<div class=\"elementor-background-overlay\"><\/div>\n\t\t\t\t\t\t<div class=\"elementor-element elementor-element-f5a6043 elementor-widget elementor-widget-image\" data-id=\"f5a6043\" data-element_type=\"widget\" data-widget_type=\"image.default\">\n\t\t\t\t<div class=\"elementor-widget-container\">\n\t\t\t\t\t\t\t\t\t\t\t\t\t<img fetchpriority=\"high\" decoding=\"async\" width=\"1024\" height=\"304\" src=\"https:\/\/murilorubiao.com.br\/eng\/wp-content\/uploads\/2022\/07\/banner_autoretrato-1024x304.jpg\" class=\"attachment-large size-large wp-image-1981\" alt=\"\" srcset=\"https:\/\/murilorubiao.com.br\/eng\/wp-content\/uploads\/2022\/07\/banner_autoretrato-1024x304.jpg 1024w, https:\/\/murilorubiao.com.br\/eng\/wp-content\/uploads\/2022\/07\/banner_autoretrato-300x89.jpg 300w, https:\/\/murilorubiao.com.br\/eng\/wp-content\/uploads\/2022\/07\/banner_autoretrato-768x228.jpg 768w, https:\/\/murilorubiao.com.br\/eng\/wp-content\/uploads\/2022\/07\/banner_autoretrato-800x238.jpg 800w, https:\/\/murilorubiao.com.br\/eng\/wp-content\/uploads\/2022\/07\/banner_autoretrato-1300x386.jpg 1300w, https:\/\/murilorubiao.com.br\/eng\/wp-content\/uploads\/2022\/07\/banner_autoretrato-600x178.jpg 600w, https:\/\/murilorubiao.com.br\/eng\/wp-content\/uploads\/2022\/07\/banner_autoretrato.jpg 1366w\" sizes=\"(max-width: 1024px) 100vw, 1024px\" \/>\t\t\t\t\t\t\t\t\t\t\t\t\t<\/div>\n\t\t\t\t<\/div>\n\t\t\t\t\t<\/div>\n\t\t<\/div>\n\t\t\t\t\t<\/div>\n\t\t<\/section>\n\t\t\t\t<section class=\"elementor-section elementor-top-section elementor-element elementor-element-0fd8fc0 elementor-section-full_width elementor-section-height-default elementor-section-height-default\" data-id=\"0fd8fc0\" data-element_type=\"section\">\n\t\t\t\t\t\t<div class=\"elementor-container elementor-column-gap-default\">\n\t\t\t\t\t<div class=\"elementor-column elementor-col-100 elementor-top-column elementor-element elementor-element-405a42d\" data-id=\"405a42d\" data-element_type=\"column\">\n\t\t\t<div class=\"elementor-widget-wrap elementor-element-populated\">\n\t\t\t\t\t\t<div class=\"elementor-element elementor-element-394d9a8 elementor-widget elementor-widget-image\" data-id=\"394d9a8\" data-element_type=\"widget\" data-widget_type=\"image.default\">\n\t\t\t\t<div class=\"elementor-widget-container\">\n\t\t\t\t\t\t\t\t\t\t\t\t\t<img decoding=\"async\" src=\"https:\/\/murilorubiao.com.br\/eng\/wp-content\/uploads\/2022\/07\/maqiona.png\" title=\"maqiona\" alt=\"\" loading=\"lazy\" \/>\t\t\t\t\t\t\t\t\t\t\t\t\t<\/div>\n\t\t\t\t<\/div>\n\t\t\t\t<div class=\"elementor-element elementor-element-6324dac elementor-widget elementor-widget-ssd_blockquote\" data-id=\"6324dac\" data-element_type=\"widget\" data-widget_type=\"ssd_blockquote.default\">\n\t\t\t\t<div class=\"elementor-widget-container\">\n\t\t\t\t\r\n\t\t<div class=\"Blockquote\">\r\n\t\t\t<div class=\"blockquote-content-wrapper text-center\">\r\n\t\t\t\t\t\t\t\t<div class=\"blockquote-content\">\r\n\t\t\t\t\t\"The most important thing in my life is to write.\"\t\t\t\t<\/div>\r\n\t\t\t\t\t\t\t\t\t\t\t\t\t<div class=\"author-wrapper\">\r\n\t\t\t\t\t\t<span class=\"author font-heading\">Murilo Rubi\u00e3o<\/span>\r\n\t\t\t\t\t\t\t\t\t\t\t<\/div>\r\n\t\t\t\t\t\t\t<\/div>\r\n\t\t<\/div>\r\n\r\n\t\t\t<\/div>\n\t\t\t\t<\/div>\n\t\t\t\t\t<\/div>\n\t\t<\/div>\n\t\t\t\t\t<\/div>\n\t\t<\/section>\n\t\t\t\t<section class=\"elementor-section elementor-top-section elementor-element elementor-element-6a49214 elementor-section-boxed elementor-section-height-default elementor-section-height-default\" data-id=\"6a49214\" data-element_type=\"section\">\n\t\t\t\t\t\t<div class=\"elementor-container elementor-column-gap-default\">\n\t\t\t\t\t<div class=\"elementor-column elementor-col-100 elementor-top-column elementor-element elementor-element-d9c68dd\" data-id=\"d9c68dd\" data-element_type=\"column\">\n\t\t\t<div class=\"elementor-widget-wrap elementor-element-populated\">\n\t\t\t\t\t\t<div class=\"elementor-element elementor-element-c0486ee elementor-widget elementor-widget-heading\" data-id=\"c0486ee\" data-element_type=\"widget\" data-widget_type=\"heading.default\">\n\t\t\t\t<div class=\"elementor-widget-container\">\n\t\t\t<h1 class=\"elementor-heading-title elementor-size-default\">Life &gt; Eug\u00eanio Rubi\u00e3o<\/h1>\t\t<\/div>\n\t\t\t\t<\/div>\n\t\t\t\t\t<\/div>\n\t\t<\/div>\n\t\t\t\t\t<\/div>\n\t\t<\/section>\n\t\t\t\t<section class=\"elementor-section elementor-top-section elementor-element elementor-element-8196fa4 elementor-section-content-middle elementor-section-boxed elementor-section-height-default elementor-section-height-default\" data-id=\"8196fa4\" data-element_type=\"section\">\n\t\t\t\t\t\t<div class=\"elementor-container elementor-column-gap-default\">\n\t\t\t\t\t<div class=\"elementor-column elementor-col-100 elementor-top-column elementor-element elementor-element-4690998\" data-id=\"4690998\" data-element_type=\"column\">\n\t\t\t<div class=\"elementor-widget-wrap elementor-element-populated\">\n\t\t\t\t\t\t<div class=\"elementor-element elementor-element-51d1810 elementor-widget elementor-widget-text-editor\" data-id=\"51d1810\" data-element_type=\"widget\" data-widget_type=\"text-editor.default\">\n\t\t\t\t<div class=\"elementor-widget-container\">\n\t\t\t\t\t\t\t<p style=\"text-align: center;\"><strong>Eug\u00eanio Rubi\u00e3o: biographical profile<\/strong><\/p><p style=\"font-weight: 400; text-align: left;\">Eug\u00eanio \u00c1lvares Rubi\u00e3o was born in the city of Silvestre Ferraz, current Carmo de Minas, Minas Gerais, on April 14, 1887, and died in Belo Horizonte on March 1, 1949. Son of Francisco de Barros \u00c1lvares Rubi\u00e3o and Mariana Camila Noronha Rubi\u00e3o, he was the brother of Luiz Jos\u00e9 \u00c1lvares Rubi\u00e3o, a writer and journalist based in S\u00e3o Paulo. He was a writer, philologist and teacher. He began teaching in his hometown and then in other cities in his region, in the south of Minas Gerais.<\/p><p style=\"font-weight: 400; text-align: left;\">He married Maria Antonieta Ferreira Rubi\u00e3o, with whom he had four children. Among them, the writer Murilo Eug\u00eanio Rubi\u00e3o (1916-1991), who in his brief &#8220;Self-portrait&#8221; writes: &#8220;My father, a man of good humanistic culture, was a philologist and belonged to the Minas Academy of Letters. He used to writte with rare elegance, despite being a grammarian.&#8221;<a href=\"applewebdata:\/\/91AA3218-EC6B-4FE7-AB39-80AF031828CC#_ftn1\" name=\"_ftnref1\"><sup>[1]<\/sup><\/a> His other children were the doctor Paulo Em\u00edlio, Maria Olympia and Maria Eug\u00eania.<\/p><p style=\"font-weight: 400; text-align: left;\">With their children still young, the couple moved to Belo Horizonte, settling in a house on Goitacazes Street, downtown, where Maria Antonieta&#8217;s family lived. Eug\u00eanio Rubi\u00e3o began teaching at Modelo Normal School, current Instituto de Educa\u00e7\u00e3o, and later at Arnaldo School. In these teaching establishments he graduated generations of students, standing out for his dedication and deep knowledge of the Portuguese language.<\/p><p style=\"font-weight: 400; text-align: left;\">According to Maria do Sameiro Fangueiro, &#8220;Recognized for his work, Eug\u00eanio Rubi\u00e3o was nominated to the chair n. 35 of the Minas Gerais Academy of Letters, succeeding Navantino Santos (1885-1946), its founder.&#8221;<a href=\"applewebdata:\/\/91AA3218-EC6B-4FE7-AB39-80AF031828CC#_ftn2\" name=\"_ftnref2\"><sup>[2]<\/sup><\/a> He wrote for the newspaper <em>Folha Nova<\/em>, from Carmo de Minas, as a collaborator, having three of his chronicles published: &#8220;Olhos verdes&#8221;, in n.2, in January 1914; &#8220;Um Domingo de 1914&#8221;, in n.4, in February of the same year; and &#8220;Riacho do Carmo&#8221;, in n.425, in November 1922.<\/p><p style=\"font-weight: 400; text-align: left;\">Rubi\u00e3o published three prose books: <em>No horto suave da legenda, in <\/em>1923; <em>Trovas<\/em>, in 1938; and <em>Nos caminhos do Evangelho<\/em>, in 1939, these two being edited by Oficina Gr\u00e1fica Editora Renato Americano, in Rio de Janeiro. He also wrote three textbooks: <em>Prontu\u00e1rio de ortografia e pros\u00f3dia<\/em>, in 1936; <em>Pontua\u00e7\u00e3o<\/em>, in 1935; and <em>Trechos errados<\/em>, edited in Belo Horizonte by the Official Press in 1944.<\/p><p style=\"font-weight: 400; text-align: left;\">Rubi\u00e3o pays homage to the city of Belo Horizonte in the poem &#8220;Bello Horizonte ao luar&#8230;&#8221;, transcribed from the pages of the magazine <em>Cidade luz<\/em>:<\/p><p style=\"font-weight: 400; text-align: left;\">\u00a0<\/p><p style=\"font-weight: 400; text-align: left;\"><strong>Bello Horizonte ao luar&#8230;<\/strong><\/p><p style=\"font-weight: 400; text-align: left;\">A cidade adormece devagar,<br \/>\u00e1 calma azul do longe firmamento;<br \/>aos poucos, uma flauta, em langue accento,<br \/>canta na paz augusta do luar&#8230;<\/p><p style=\"font-weight: 400; text-align: left;\">E as arvores, na doce luz lunar,<br \/>como ouvem, num suave encantamento,<br \/>a branda flauta, em dulcido lamento,<br \/>que \u00e1 noite azul parece enfeiti\u00e7ar&#8230;<\/p><p style=\"font-weight: 400; text-align: left;\">O c\u00e9o, ardendo em claridade astral,<br \/>\u00e9 como grande e concavo vitral,<br \/>que a terra beija de um clar\u00e3o de prata.<\/p><p style=\"font-weight: 400; text-align: left;\">E um olor de magnolia ondeia e cresce,<br \/>toma toda a cidade que adormece<br \/>sob o pallio de luz que se desata&#8230;<a href=\"applewebdata:\/\/91AA3218-EC6B-4FE7-AB39-80AF031828CC#_ftn3\" name=\"_ftnref3\"><sup>[3]<\/sup><\/a><\/p><p>\u00a0<\/p><p style=\"font-weight: 400; text-align: left;\"><strong>References<\/strong><\/p><p style=\"font-weight: 400; text-align: left;\">DUARTE, Const\u00e2ncia (ed.). <strong>Dicion\u00e1rio biobibliogr\u00e1fico de escritores mineiros<\/strong>. Belo Horizonte: Aut\u00eantica, 2010, pp. 151-152.<\/p><p style=\"font-weight: 400; text-align: left;\">FANGUEIRO, Maria do Sameiro. Eug\u00eanio \u00c1lvares Rubi\u00e3o. <strong>Projeto Peri\u00f3dicos &amp; Literatura<\/strong>: publica\u00e7\u00f5es ef\u00eameras, mem\u00f3ria permanente. Funda\u00e7\u00e3o Biblioteca Nacional. Brasil. <a href=\"http:\/\/bndigital.bn.gov.br\/dossies\/periodicos-literatura\/personagens-periodicos-literatura\/eugenio-alvares-rubiao\/\">http:\/\/bndigital.bn.gov.br\/dossies\/periodicos-literatura\/personagens-periodicos-literatura\/eugenio-alvares-rubiao\/<\/a><\/p><p style=\"font-weight: 400; text-align: left;\">RUBI\u00c3O, Eug\u00eanio. Bello Horizonte ao luar&#8230; <strong>Cidade luz<\/strong>, year 1, n.1, Feb. 1931.<\/p><p style=\"font-weight: 400; text-align: left;\">RUBI\u00c3O, Murilo. Autorretrato. <strong>Leitura<\/strong>, Rio de Janeiro, n. p., Sept. 1949.<\/p><p style=\"font-weight: 400; text-align: left;\">SUPLEMENTO LITER\u00c1RIO MINAS GERAIS. S\u00e9rie Literatura Mineira (desde as origens). Belo Horizonte, v. 13, n. 600, p. 11, Apr. 1978.<\/p><p style=\"text-align: left;\"><a href=\"applewebdata:\/\/91AA3218-EC6B-4FE7-AB39-80AF031828CC#_ftnref1\" name=\"_ftn1\"><sup>[1]<\/sup><\/a> RUBI\u00c3O, Murilo. Autorretrato, 1949.<\/p><p style=\"text-align: left;\"><a href=\"applewebdata:\/\/91AA3218-EC6B-4FE7-AB39-80AF031828CC#_ftnref2\" name=\"_ftn2\"><sup>[2]<\/sup><\/a> FANGUEIRO, Maria do Sameiro. Eug\u00eanio \u00c1lvares Rubi\u00e3o. From the original in Portuguese: \u201cReconhecido por sua obra, Eug\u00eanio Rubi\u00e3o foi contemplado com a cadeira n.35 da Academia Mineira de Letras, sucedendo a Navantino Santos (1885-1946), seu fundador.\u201d<\/p><p style=\"text-align: left;\"><a href=\"applewebdata:\/\/91AA3218-EC6B-4FE7-AB39-80AF031828CC#_ftnref3\" name=\"_ftn3\"><sup>[3]<\/sup><\/a> RUBI\u00c3O, Eug\u00eanio. Bello Horizonte ao luar&#8230;, 1931.<\/p>\t\t\t\t\t\t<\/div>\n\t\t\t\t<\/div>\n\t\t\t\t\t<\/div>\n\t\t<\/div>\n\t\t\t\t\t<\/div>\n\t\t<\/section>\n\t\t\t\t<section class=\"elementor-section elementor-top-section elementor-element elementor-element-ce8d275 elementor-section-boxed elementor-section-height-default elementor-section-height-default\" data-id=\"ce8d275\" data-element_type=\"section\">\n\t\t\t\t\t\t<div class=\"elementor-container elementor-column-gap-default\">\n\t\t\t\t\t<div class=\"elementor-column elementor-col-100 elementor-top-column elementor-element elementor-element-968cf93\" data-id=\"968cf93\" data-element_type=\"column\">\n\t\t\t<div class=\"elementor-widget-wrap elementor-element-populated\">\n\t\t\t\t\t\t<div class=\"elementor-element elementor-element-842b3f0 elementor-widget-divider--view-line elementor-widget elementor-widget-divider\" data-id=\"842b3f0\" data-element_type=\"widget\" data-widget_type=\"divider.default\">\n\t\t\t\t<div class=\"elementor-widget-container\">\n\t\t\t\t\t<div class=\"elementor-divider\">\n\t\t\t<span class=\"elementor-divider-separator\">\n\t\t\t\t\t\t<\/span>\n\t\t<\/div>\n\t\t\t\t<\/div>\n\t\t\t\t<\/div>\n\t\t\t\t\t<\/div>\n\t\t<\/div>\n\t\t\t\t\t<\/div>\n\t\t<\/section>\n\t\t\t\t<\/div>\n\t\t","protected":false},"excerpt":{"rendered":"<p>&#8220;The most important thing in my life is to write.&#8221; Murilo Rubi\u00e3o Life &gt; Eug\u00eanio Rubi\u00e3o Eug\u00eanio Rubi\u00e3o: biographical profile Eug\u00eanio \u00c1lvares Rubi\u00e3o was born&#8230;<\/p>\n","protected":false},"author":1,"featured_media":0,"parent":0,"menu_order":30,"comment_status":"closed","ping_status":"closed","template":"","meta":{"footnotes":""},"class_list":["post-1824","page","type-page","status-publish","hentry"],"_links":{"self":[{"href":"https:\/\/murilorubiao.com.br\/eng\/index.php\/wp-json\/wp\/v2\/pages\/1824","targetHints":{"allow":["GET"]}}],"collection":[{"href":"https:\/\/murilorubiao.com.br\/eng\/index.php\/wp-json\/wp\/v2\/pages"}],"about":[{"href":"https:\/\/murilorubiao.com.br\/eng\/index.php\/wp-json\/wp\/v2\/types\/page"}],"author":[{"embeddable":true,"href":"https:\/\/murilorubiao.com.br\/eng\/index.php\/wp-json\/wp\/v2\/users\/1"}],"replies":[{"embeddable":true,"href":"https:\/\/murilorubiao.com.br\/eng\/index.php\/wp-json\/wp\/v2\/comments?post=1824"}],"version-history":[{"count":28,"href":"https:\/\/murilorubiao.com.br\/eng\/index.php\/wp-json\/wp\/v2\/pages\/1824\/revisions"}],"predecessor-version":[{"id":4769,"href":"https:\/\/murilorubiao.com.br\/eng\/index.php\/wp-json\/wp\/v2\/pages\/1824\/revisions\/4769"}],"wp:attachment":[{"href":"https:\/\/murilorubiao.com.br\/eng\/index.php\/wp-json\/wp\/v2\/media?parent=1824"}],"curies":[{"name":"wp","href":"https:\/\/api.w.org\/{rel}","templated":true}]}}